3 + 2 + -14)?
18
59 + -73 + (0 + -4 - 3)
-21
What is ((-19 - -7) + -16 - -3) + 1 + 2?
-22
What is the value of 10 - (5 + (-2 - (5 + -4 + -5)))?
3
Evaluate (-1 + 0 + -1 - (693 + -699)) + -28.
-24
What is the value of -4 + 1 - -17 - (3 + -1)?
12
(3 - (-1 - -2)) + 0 - (480 + -485)
7
Calculate 3 + 7 + -26 + 4 + -1.
-13
Calculate -1 - 7 - (4 - (-21 + 50)).
17
Calculate -5 - (1 + -2) - (88 - 78) - 2.
-16
Evaluate 3 + (16 - (27 - 13) - 19).
-14
What is the value of -12 - -1 - (-5 + 6 + -2 - 4)?
-6
Calculate 30 + (-51 - -20) + 19.
18
Calculate (1 - -5) + (-5 - -13) + -14.
0
What is (-1 - (0 - 0)) + 6?
5
What is 2 - -11 - (19 - -3 - -14)?
-23
Evaluate -166 + 156 - (2 - (2 - -11)).
1
Calculate 13 + 4 + -9 - (-9 - -10).
7
12 + (5 + -54 - -23)
-14
What is the value of -11 - (-15 + 32 - 3)?
-25
Evaluate (3 - -4) + -10 + 3 - (1 - 15).
14
Evaluate -1 + 1 + (-2 - ((9 - -9) + -7)).
-13
What is the value of -8 + -3 + 9 + 0 + -3?
-5
What is (-13 - (-8 + 11)) + (0 - -8)?
-8
Calculate 4 + -16 + 3 + -5 + (39 - 38).
-13
Calculate -165 + 160 - (-12 + 0).
7
What is -13 - (-27 - (-12 + 21 + -6))?
17
-18 + (-8 - (-34 + 18))
-10
What is the value of 0 + 19 + -1 + 0 + -3 - 6?
9
Evaluate 6 + -11 + -10 - (-9 + 1 + 2).
-9
Evaluate -21 + 20 - (6 - 21 - -4).
10
-7 + 12 + -11 + -6
-12
Calculate -8 + (4 + -1 - (47 + (-86 - -7))).
27
What is (41 - 23 - 11) + (2 - -2)?
11
What is 2 + (-9 - ((0 - 5) + (-32 - -31)))?
-1
Evaluate -2 - (1 - 1) - (-3 + -2 + -9).
12
What is 35 + (-9 - -10) + -17?
19
Calculate -8 + -7 + 2 + 13 + -6.
-6
What is the value of 11 + -16 + -9 - -1?
-13
131 + -156 - (-24 - 2)
1
Calculate -21 - (-43 - -11) - 19.
-8
Evaluate (-15 - ((-6 - -6) + -10)) + 4.
-1
What is 0 + -2 + 0 + 0 - (24 - 36)?
10
What is 15 - (20 - 12) - 17?
-10
12 + -1 + 1 - (257 + -258)
13
What is the value of 38 + (44 - 70) + (7 - 1)?
18
What is the value of 1 + (-5 - (10 + -5))?
-9
What is -5 + (-23 - -12) + 15?
-1
Evaluate (1 - (-4 - (-5 + (10 - 4)))) + 4.
10
What is the value of (24 - 4) + 16 + -25 + (6 - 0)?
17
-13 + 15 + 3 + -7
-2
Calculate 8 + -14 + 26 - 15.
5
What is 1 + 9 + -4 + (11 - 7)?
10
196 + -215 + (9 - 0) + 0 + 4
-6
Calculate 1 + 13 - (1 + 2 - -3) - 6.
2
What is the value of -23 + 0 + (11 - (-18 - -26))?
-20
What is the value of -20 + (8 - -19) - (-1 + 9)?
-1
Calculate 4 + -1 + -150 + 162.
15
(-22 - -13) + -1 + 18
8
What is the value of 10 + -17 + -71 + 55?
-23
What is (1 - -4) + 2 + (155 - 196)?
-34
12 - (1 - -5) - (56 + -41)
-9
Calculate -11 + (-76 - -77 - (8 - 1)).
-17
What is (5 - -4) + 5 + -2 + -7 + -16?
-11
What is 12 + 0 + (-22 - -22)?
12
(8 - 0) + 9 + -32 + 18
3
What is the value of -16 - (-2 + (-6 - -3) - (-32 + 27))?
-16
(0 - 16 - -10) + 1 - (-9 - 0)
4
(1 - (-7 - (0 + -1))) + 2 - -3
12
-17 - -27 - (7 + -9)
12
What is the value of (-6 - -13 - 2 - 31) + 8?
-18
-8 + (31 + -26 - 2)
-5
What is (-5 - (14 + 6 - 9)) + -2 + 6?
-12
What is the value of -7 + (-21 + 10 - -11)?
-7
1 + -2 + (4 - (10 + -5)) + 1
-1
What is 5 - (-9 + (7 - -3))?
4
What is 3 - -1 - (-59 + 55) - 0 - -5?
13
What is the value of 36 + (-5 - 13) - 10?
8
What is -34 + (-4 + (17 - 11) - -10)?
-22
3 + 2 + (6 - (-9 - -14))
6
What is the value of (1 - 12) + (-16 - -20) + -4?
-11
Evaluate -1 + -3 + (31 - 27).
0
What is the value of 23 + -7 + (6 - (10 + -8 - 6))?
26
Calculate -83 - -93 - (5 + -6 + -3).
14
(26 + -27 - (-6 - -2)) + 1
4
Evaluate -1 - (5 + 3 + -23).
14
-4 - (55 + -26 + -27)
-6
What is the value of (62 - 87) + 4 + -1?
-22
Evaluate -15 - (1 + -11) - (-19 + -9).
23
What is the value of (0 + 8 - (25 + -21)) + (-6 - 0)?
-2
Evaluate (-15 + (8 - 5) - -11) + -11.
-12
Calculate (-10 - (8 + 6)) + 10.
-14
What is 16 + -1 + 4 + -2 + 0?
17
What is the value of (65 + 14 - 21 - 21) + (-1 - 7)?
29
9 + (-32 - (3 + 1 + -13))
-14
What is the value of -29 - (-2 - (-8 + -2 + 7 + 7))?
-23
Calculate 252 - 242 - (13 + 0).
-3
What is the value of -13 - (-8 + -33 + 23)?
5
4 + (1 - (-1 - (3 + -5)) - -7)
11
Evaluate 3 + 6 + 2 + -2 - (1 - 4).
12
Evaluate (452 - 474) + (0 - -5).
-17
Calculate -25 + -6 + 4 + 4 + -3.
-26
What is the value of -24 - ((-35 - (-6 - 4)) + 7 + 9)?
-15
Evaluate -1 - (-5 - (-9 - -4 - -1)) - -4.
4
Calculate (-2 - (-1 + (-9 - -3)) - 4) + 0.
1
Calculate (29 - -1) + 391 + -404.
17
What is (20 - -1) + -3 + -8 + (1 - -7)?
18
27 - ((-29 + 31 - (-1 + 5)) + 9)
20
What is the value of 6 + 10 + (-3 - 8) + 19?
24
What is -13 + 19 + 33 - 20?
19
(0 + 5 - (16 + -18) - 4) + -16
-13
Calculate 28 + (4 - 11) + -9.
12
Evaluate -1643 - -1644 - (-10 - 0).
11
What is (-40 - -35) + (-2 - 0) + 0?
-7
What is 16 - ((27 - 2) + -1)?
-8
What is the value of -1 + -3 + 4 + 10?
10
What is the value of 11 + (2 - 0 - (-56 - -62))?
7
(12 - 11) + 0 + 2
3
6 + -3 - ((-1 - 5 - -24) + -2)
-13
What is the value of (30 - 12 - 1) + -10?
7
What is the value of 7 + (5 - -5 - (6 - 2))?
13
Calculate -32 + (31 - 38 - -67).
28
What is -8 + (-8 - (-6 + -2 - (-5 + 7)))?
-6
Evaluate 23 - (11 - (20 - 5)).
27
Evaluate 197 + -206 + 0 + 24.
15
Evaluate 1 + (-21 + 40 - 5).
15
What is the value of 20 + (-18 + 10 - 4)?
8
What is (84 + -68 - (-7 + -2 - 0)) + -9?
16
(34 - 29) + (-9 - (9 + (-15 - -9)))
-7
Calculate (-32 - (-28 - -11)) + 14.
-1
Evaluate (-30 - -22) + (0 - 0) + -4.
-12
Calculate (16 - 8 - (-9 - -16)) + -1.
0
Calculate 38 - (1 + (-8 - -38)).
7
-9 - (4 + (-2 - 12) - -4)
-3
-1 + 18 + -5 - (-25 + 36)
1
-46 + -6 + (-72 - -98)
-26
Calculate -2 + 13 + (-6 - -1 - (37 - 40)).
9
What is 5 - (6 - (0 + -12)) - (43 + -33)?
-23
8 + 0 - ((-6 - -30) + 1)
-17
Calculate (63 - 37) + 22 + -55.
-7
-11 + 17 - (1 + 2) - (-28 + 23)
8
Evaluate -196 + 209 + (0 - -2) + -10.
5
1 + 42 + (0 - 9) + -9 + -1
24
What is (-7 - 1) + (-9 - -12 - (-1 + 0))?
-4
What is the value of -12 + -2 + 12 + 6 + (-3 - 6)?
-5
(23 - 21) + -13 + -1
-12
Evaluate 4 - (19 - 9) - (4 - (-5 - -6)).
-9
What is the value of -213 + 202 + (0 + 1 - -5) - 12?
-17
Calculate (-28 - -19) + -29 + (1 - -16).
-21
What is the value of (11 + -8 - 11 - 20) + 15?
-13
Evaluate 6 + 9 + -14 + (-1 - -12) - -3.
15
-10 + (9 - 17 - -10) + 3
-5
-5 + 2 + 0 - -2 - (-528 - -518)
9
What is the value of (9 + -38 - 1 - 10) + (1 - -6)?
-33
What is 11 + (-1 + -2 - (-1 - (-12 + 12)))?
9
Calculate (0 - (12 + (-10 - 5))) + 5.
8
Calculate -1 + -9 + -3 + -4 - -7.
-10
What is the value of (5 - 21) + (10 - 3)?
-9
What is 4 + 9 + -4 + -1 + 15?
23
What is the value of 0 + 2 - (7 - (7 - -2))?
4
Calculate 7 + -19 + (7 - 6) + (2 - 10).
-19
What is the value of -1 - ((10 - 0) + (62 - 63) + 0)?
-10
8 - (7 + -15 - (9 - 47))
-22
What is the value of 17 - (-5 - -19 - 6)?
9
Calculate 2 + (-4 + 2 - -34) + (-31 - -23).
26
Evaluate (-15 + 29 + -25 - 7) + (0 - 2).
-20
Evaluate 103 + -92 + -5 - (14 - (-2 - -2)).
-8
Calculate 19 + -13 - (15 + -8).
-1
Evaluate 28 - (-11 - -9) - 20.
10
7 + -26 + (-18 - (-28 + 22))
-31
36 + -57 + (13 + -11 - 5)
-24
What is the value of 12 - (-12 - (-2 - (8 + 7)))?
7
((-23 - 4) + 23 - (-12 + 1)) + -3
4
What is the value of 3 - (-1 - 1 - -4) - -8?
9
8 - (-1 + 21 + -29 - (-37 - -1))
-19
What is the value of -6 + 8 + -9 - (-16 - 0)?
9
-7 + ((-2 - 9) + 20 - -1)
3
-16 - (9 - (32 - 4))
3
Evaluate 1 - (-9 - -1 - -10) - 2.
-3
Calculate -26 - (-2 + 5) - -45.
16
What is -1 + -2 - (4 - 3) - (4 + -9)?
1
What is the value of -1 + -2 - ((2 - 1) + (5 - 9))?
0
What is -6 - -1 - (15 + -6 + -7 + -22)?
15
What is (-1 - 2 - ((6 - 5) + -9)) + -11?
-6
Evaluate (25 + -21 - (-3 + -2)) + -19.
-10
What is the value of 0 - (-5 + 0 + (9 - -19) + -11)?
-12
What is 0 - -2 - (40 + (-4 - (16 - 10)))?
-28
6 + -2 + (2 - 5) + 3 + 5
9
What is (40 - (-35 - -64)) + 16 + 4 + -2?
29
Evaluate -13 + (-2 + 64 - (103 - 85)).
31
What is the value of (-8 - (-22 + -10)) + (3 - 10) + -8?
9
(22 + -3 + -4 - 7) + -18 - -12
2
Calculate (52 - 71) + (-6 + 4 - -14) - -3.
-4
5 - (25 - 1 - 8)
-11
4 + (-21 - -16 - -17)
16
What is the value of (41 - 41) + (0 - (15 + -2))?
-13
Calculate 16 + (1 + 1 + 5 + -14 - -1).
10
14 + 4 - (-3 - (-6 + 0))
15
What is the value of 8 + 0 - -2 - (70 - 60)?
0
3 - -30 - (-28 + 62 + -22)
21
Evaluate 43 + (-12 - 8) + -9.
14
(-6 - (-7 - 9 - -18)) + 0 + -27
-35
What is the value of (4 + -7 - 5) + 4 + -4?
-8
What is the value of -5 + 5 + 9 + 5 + (-11 - -4)?
7
What is (159 - 145) + (0 - 3)?
11
Calculate (12 - 6) + 3 + 0 + -4 - -5.
10
-1 + 3 - (15 - 17)
4
What is -7 + 